
Let z(i) be the first derivative of i**3 - 3*i**2/2 - 3*i - 3. Let b be z(3). Calculate the highest common factor of b and 15.
15
Suppose 2*r + 0*r - 2 = 0. Let y(a) = a + 1. Let f be y(r). Let j be (1 - -4)*(2 - 1). What is the greatest common divisor of f and j?
1
Let i = 17 - 5. Suppose 4*b + 14 = -5*v, 0 = 3*v - 4*b - 0 + 2. Let x(y) = -y + 1. Let o be x(v). Calculate the greatest common factor of o and i.
3
Let n = 4 + -3. Let i(t) = t**2 + 4*t - 1. Let a be i(-6). What is the highest common divisor of n and a?
1
Let r be (30/4)/((-1)/(-16)). Suppose 4*y - 28 = x + 31, 2*y + 4*x = 34. Calculate the greatest common factor of y and r.
15
Let w be 4/6 + 68/6. Let j be (7/(-4))/((-3)/w). Calculate the highest common factor of j and 77.
7
Let x be (5/(-5))/((-1)/3). Suppose x*s - 253 = 2*s. What is the highest common factor of 23 and s?
23
Suppose 5*m = 8*m - 600. What is the greatest common divisor of m and 25?
25
Let x = -31 + 57. Suppose k = -k + x. What is the highest common divisor of k and 117?
13
Let j(f) = 3*f - 36. Let s be j(15). What is the highest common factor of 63 and s?
9
Let v be 3/7 + 285/21. Let y = -7 + v. What is the greatest common divisor of y and 14?
7
Suppose -171*m + 177*m - 3432 = 0. What is the highest common factor of 52 and m?
52
Let j(k) = -k + 3*k**3 - 2*k**3 + 0 + 6. Let c(y) = -y**3 - 3*y**2 + 5*y + 4. Let v be c(-4). Let w be j(v). What is the greatest common divisor of w and 3?
3
Suppose -2*b + b = 0. Suppose b = a + 2*a - 432. Suppose -2*p - p + a = 0. Calculate the highest common factor of p and 6.
6
Suppose 4*p - 58 = -2*q, 5*p - 2*p = 3*q + 21. What is the highest common divisor of p and 3?
3
Suppose -q + 17 = -8. Let t = 121 + 154. What is the greatest common divisor of q and t?
25
Let z(p) = p**3 - 3*p**2 - p. Let k be z(5). Calculate the highest common divisor of 30 and k.
15
Let g be (-3)/(-9) - (-205)/15. What is the greatest common factor of g and 14?
14
Suppose 7*v = -u + 2*v + 23, v - 7 = -u. Let g(t) = 616*t**2 - t + 1. Let j be g(1). Suppose -u*s + j = s. Calculate the highest common divisor of 22 and s.
22
Let o be (0 - -7) + -6 + 5. Suppose -4*m + 5 = -5*u - o, -5*m + 2*u = -18. Calculate the greatest common divisor of 4 and m.
4
Let i be 2/((-24)/13 + 2). Suppose d + 4 = l, 2*l - 7*l - 2*d = -i. Calculate the greatest common divisor of 9 and l.
3
Suppose x + 740 = 5*b, -5*x + 93 = b - 29. Let m = b - 75. Let u = 18 - 10. What is the greatest common factor of m and u?
8
Suppose 0 = -7*f + 12*f - 10. Let m(y) = 3*y - 4. Let z be m(2). Calculate the highest common divisor of f and z.
2
Let b(y) = 2*y - 7. Let v be b(6). Suppose -v*i + 22 = -43. Let g = -10 - -23. Calculate the greatest common factor of i and g.
13
Suppose 0 = 5*c - 3*t, -5*c + t = 2*t - 20. Let k = -2 + c. Let r be k + 9/(2 - 1). Calculate the greatest common factor of r and 2.
2
Suppose 2*c - 3*c + 16 = 0. Let x be (-4)/((-1)/(c*1)). Calculate the greatest common factor of x and 8.
8
Let y(k) = k + 17. Let z be y(0). What is the highest common divisor of z and 68?
17
Let u(r) = 7*r**2 - 5*r + 4. Let t be u(4). Suppose -f = -5*f + t. Let x = 2 - -190. What is the greatest common factor of f and x?
24
Suppose -2*j = 10 - 0. Let z = 17 + -24. Let b = j - z. Calculate the greatest common divisor of b and 14.
2
Let a = 14 + -21. Let l = 109 - 72. Let d = l + a. What is the highest common divisor of 10 and d?
10
Suppose -5*p - 570 = -5*t, 5*p + 10 + 0 = 0. Calculate the highest common factor of t and 28.
28
Let n be (2/(-2))/((-2)/26). Let r = -17 + 160. What is the greatest common divisor of n and r?
13
Suppose -5*v + 15 = 2*c - 81, -2*v = 4*c - 32. Suppose 0 = -x + 4*x - 24. Calculate the highest common factor of v and x.
4
Let u = 44 - 27. Calculate the highest common factor of u and 68.
17
Let h(c) = -c**3 + 2*c + 3. Let x be h(0). Suppose -4*o - d - 7 + 21 = 0, 0 = 5*d - 10. Calculate the greatest common divisor of o and x.
3
Suppose 3*o - 6 = 24. Let x = 198 - 88. Calculate the highest common factor of x and o.
10
Let b(g) = -g**3 - 4*g**2 - 3. Let n be b(-4). Let p be ((-84)/(-10))/(n/(-10)). Let j be (-1 - -5)/(2 - 1). Calculate the greatest common factor of j and p.
4
Let w(o) be the third derivative of -o**4/4 - o**3 + 5*o**2. Suppose 0*i = 2*i + 8. Let r be w(i). What is the highest common divisor of 144 and r?
18
Let c = 113 - 107. Calculate the highest common divisor of 108 and c.
6
Suppose -7*b = -2*b - 20. Let j = b - -2. What is the greatest common factor of 2 and j?
2
Let s be 288/30 + (-4)/(-10). Suppose s + 2 = 4*v. What is the greatest common factor of 12 and v?
3
Suppose 0 = -2*m + 155 - 35. Calculate the greatest common divisor of m and 90.
30
Let s be (30 + 0)/(2/21). What is the highest common factor of 35 and s?
35
Let a(o) = 21*o - 7. Let n = 4 - -2. Let v be a(n). Calculate the greatest common factor of 17 and v.
17
Suppose -3*r - 98 = -8*r - a, 0 = -4*r + 3*a + 86. Suppose -b = -92 + r. Let v be (4/5)/(2/20). Calculate the greatest common factor of b and v.
8
Suppose 44 = 5*b + 3*q, 0*q + q = 2*b - 22. Calculate the highest common divisor of 50 and b.
10
Let q = -18 + 25. What is the greatest common factor of q and 21?
7
Let r(k) = -k**3 - 10*k**2 - 7*k. Let b be r(-9). Let q = 34 + b. Suppose 3*p - 8*p = -10. Calculate the highest common factor of p and q.
2
Suppose 17*p = 10*p + 1680. Calculate the highest common factor of 15 and p.
15
Suppose -5*l + 52 + 388 = 0. Let g = -46 + l. What is the greatest common divisor of g and 14?
14
Let m = -77 - -162. What is the greatest common divisor of m and 17?
17
Let i = 85 - -25. What is the highest common factor of i and 22?
22
Suppose -4*u - 5*x = -665, -2*u + 2*x + 315 = x. What is the greatest common factor of u and 64?
32
Let i be (-88)/(-4) - 4 - -2. Suppose -i = -n - n. What is the highest common factor of 15 and n?
5
Suppose -9 = -2*x + 1. Let u be x/2 + 8/(-16). Let d = 21 - u. Calculate the greatest common factor of d and 19.
19
Let x(y) = -y**2 + 11*y + 7. Let i be x(7). Calculate the greatest common factor of i and 7.
7
Let r(j) = -j**3 + 10*j**2 - 5*j + 13. Let n be (7/(-3) - -2)*-27. Let x be r(n). Let s = x - 33. What is the greatest common divisor of 64 and s?
16
Suppose 4*l - 198 = -38. Let z be (1 - 0)*25/5. Let d = 11 + z. Calculate the highest common factor of l and d.
8
Let u(n) = 24*n - 37. Let m be u(13). What is the greatest common factor of m and 55?
55
Suppose 5*i - 4*p - 198 = 0, 4*i - 2*p - 156 = -0*i. Calculate the greatest common divisor of 133 and i.
19
Let w(x) = 14*x**2 - x + 3. Let c = -8 - -16. Let y = -11 + c. Let f be w(y). Calculate the greatest common factor of f and 12.
12
Suppose -3*y + 5*q - 7 = -22, y - q = 7. What is the greatest common factor of y and 110?
10
Let w be (-4 - -43)/(1/(-15)*-5). What is the highest common divisor of 13 and w?
13
Let o = -17 - -27. Suppose -o = 3*u + 14. Let a be (-26)/u + 5/(-20). Calculate the highest common factor of 1 and a.
1
Suppose h = a - 5*a - 21, -3*a + 4*h = -8. Let r(m) = m**3 + 4*m**2 - 4*m - 6. Let c be r(a). Calculate the highest common divisor of 5 and c.
5
Let t(u) = -u**3 + 3*u**2 + 2*u - 4. Let y be t(3). Calculate the highest common divisor of y and 1.
1
Let n(q) = q**2 + 4*q + 4. Let p be n(-4). Let c = 8 - p. Suppose l = -c*l + 55. Calculate the highest common divisor of 1 and l.
1
Let h = -3 + 20. Calculate the greatest common divisor of 119 and h.
17
Let f(m) = -m**2 + 3 + 107*m**3 + 3*m**2 - 4. Let t be f(1). Calculate the highest common divisor of t and 12.
12
Let o(g) = 2*g**2 - 6*g - 5. Let v be o(7). Suppose -48 = -2*f - t + 13, t + v = 2*f. Let i be (-21)/4*16/(-6). Calculate the highest common divisor of f and i.
14
Suppose w - 5*w + 3*b = -18, 0 = -4*w + b + 22. What is the greatest common divisor of 2 and w?
2
Suppose 0 = -2*l + 141 - 25. What is the highest common factor of 232 and l?
58
Suppose 0 = -6*s + 505 - 25. Calculate the highest common factor of 32 and s.
16
Let o be ((-3)/(-5))/((-6)/(-30)). Suppose 0*v + 10 = -2*v, 0 = 4*h - o*v - 235. Calculate the highest common factor of 22 and h.
11
Suppose -x = -0*f + 2*f - 67, -5*f + 3*x = -151. Let j be 26/((-2)/3*3). Let n = j + 17. Calculate the greatest common factor of f and n.
4
Let c be 4 - 1 